6*m**2 + m - 1. Let y be w(-1). Let u = y - -2. What are the prime factors of (u/9 + -2)*(0 + -36)?
2, 3
Suppose -6200 = -w + 3*b - 1016, 4*w + 4*b - 20672 = 0. Suppose 7*o - 6238 = w. List the prime factors of o.
2, 5, 163
Let h(z) be the second derivative of 31*z**3/2 - 32*z**2 + 4*z - 2. What are the prime factors of h(9)?
773
Suppose p - 2 = 0, 0 = t - 4*p + 2*p + 15. Let n(i) = 3*i**2 + 23*i + 17. What are the prime factors of n(t)?
127
Let v = -251 + 520. Suppose 0 = -3*q - z + v, 6*z = 4*q + 5*z - 354. List the prime factors of q.
89
Suppose r - 17 = y, -2*y - y - 25 = -r. Let w(s) = 45*s - 16*s - 17*s - 4 - r*s. What are the prime factors of w(-16)?
2, 3
Suppose t - 5*w = 6 + 9, 4*t - 3*w = 60. Suppose -1 = -5*a + 4, 0 = 3*r - a - 2. Suppose -t = -2*n + 5*c, -r = -4*n + 5*c + 44. List the prime factors of n.
3, 5
Let l = -69905 + 132727. What are the prime factors of l?
2, 101, 311
Let n be (-4)/90*-3 + 2146300/1500. Suppose 48 = -3*v + n. List the prime factors of v.
461
Let l(x) = 789*x + 787*x - 66*x - 2. List the prime factors of l(1).
2, 13, 29
Let l(u) = u**3 - 4*u**2 + 8*u - 1. Let z be l(5). Suppose -2*y + z - 24 = 0. What are the prime factors of y?
2, 5
Suppose -72*x + 69*x + 134547 = 3*m, x - 44835 = m. What are the prime factors of x?
2, 7, 3203
Let s be (-3 + 0)/((-3)/(-4)). Let k be 2 + (s - -1) - (-4 - 0). What are the prime factors of (k/(-6))/(3/(-78))?
13
Let j = -1981 - -8545. List the prime factors of j.
2, 3, 547
Let y(m) = -3*m - 62. Let n be y(-20). List the prime factors of ((-138)/(-92))/(n*1/(-24)).
2, 3
Let a(s) = 53*s**2 - 57*s + 1623. List the prime factors of a(22).
26021
Let h = 109 + -137. Let j = 39 + h. Suppose -207 - 1619 = -j*p. List the prime factors of p.
2, 83
Let t(a) = -4*a - 36. Let d(b) = b**2 - 2*b - 16. Let j be d(0). Let m be t(j). List the prime factors of 1449/m + 1/4.
2, 13
Suppose -25*u = -31*u + 54. Suppose u*n - 884 - 889 = 0. What are the prime factors of n?
197
Let n(t) = t**3 - 8*t**2 - 13*t + 97. Let g be n(8). What are the prime factors of (g/3 - 3)*2169/(-12)?
2, 241
Suppose -13*p - z = -16*p + 44, -p = -5*z + 4. Suppose 17*f + p*f - 8877 = 0. What are the prime factors of f?
269
Let t(u) = -u**2 + 16*u - 4*u - 44 + 12. Let h be t(7). Suppose 0 = -h*z + 26 + 28. List the prime factors of z.
2, 3
Suppose 0 = 378*l - 355*l - 760311. List the prime factors of l.
3, 3673
Let j(x) = -306*x + 1978. What are the prime factors of j(-46)?
2, 23, 349
Suppose -z + 539 - 109 = 0. Suppose -11*b + z = -131. Suppose 3*a + b = 5*a - 3*c, 2*a - 4*c - 54 = 0. List the prime factors of a.
3, 7
Let x(q) = 8*q**3 - 3*q**2 + 2*q - 4. Let i be x(3). Suppose -4*v - d + 937 + i = 0, -2*v + 582 = -4*d. List the prime factors of v.
283
Suppose -35*t + 528 = -19*t. Suppose -t*x + 1336 = -31*x. What are the prime factors of x?
2, 167
Let v(q) = 383*q**2 + 10*q + 18. Let z be v(-3). Suppose 6*t - z = 483. Suppose 0 = -3*p + t - 104. What are the prime factors of p?
3, 61
Let j(l) = -l + 17. Let i(p) = 3*p + 7. Let m be i(3). Let x be j(m). List the prime factors of x - (-269 - 1)/3.
7, 13
Let j be ((-4)/(-3))/((-14)/(-63) + 0). Let m(k) = -k**2 + 10*k - 21. Let n be m(j). Suppose -95 = -n*w + 79. What are the prime factors of w?
2, 29
Let h be 1/(-3) - (12368/(-6))/4. Suppose -5*f = -h + 50. What are the prime factors of f?
3, 31
Suppose -5*p = 14*p + 2*p - 43302. What are the prime factors of p?
2, 1031
Let l = -51 - -53. Suppose n - 4*p = 16, -l*n - p + 17 = -15. Suppose -5*q - 2*g + 4*g + 222 = 0, n = 4*g. What are the prime factors of q?
2, 23
Let c(s) = -s**2 - 9*s + 25. Let o be c(-11). Suppose -5*j - 4 = -u, -2*u - 3*u = -j + 4. What are the prime factors of 9/o*21 - u?
2
Let d(t) = -t**2 - 355*t - 10631. List the prime factors of d(-117).
5, 11, 313
Let j(l) = -15*l - 2. Let k be (-5)/15*189/(-3). Let g = k - 27. List the prime factors of j(g).
2, 11
Let b be (-2)/9 - 4/(-18). Suppose 2*j - 473 - 473 = b. Suppose -g - 190 = -v - v, 5*v - 2*g = j. What are the prime factors of v?
3, 31
Suppose 3*y - 30 = -3*c, c - 2*y = -0*y + 7. Let k be (7/21)/(2/102). List the prime factors of k*c - (-8)/4.
5, 31
Let s(g) = -35*g - 196. Let d(p) = -34*p - 196. Let q(b) = 3*d(b) - 4*s(b). List the prime factors of q(27).
2, 13, 47
List the prime factors of (312/(-91))/(-12) + (502044/(-28))/(-3).
43, 139
Suppose -2*d - 8 = -2. List the prime factors of -1 + d/(-5) - (-8480)/200.
2, 3, 7
Suppose 4*i = -5*p - 13, -2*i + 2*p = -i - 13. Suppose -5*g + 470 = -i*g. What are the prime factors of g?
5, 47
Suppose -21*y = -43*y + 82728 - 12482. What are the prime factors of y?
31, 103
What are the prime factors of (-260)/(-6)*(-72864)/(-192)?
5, 11, 13, 23
Let r = 95084 - 60952. List the prime factors of r.
2, 7, 23, 53
Suppose 4*z - 5545 + 82 = q, 4*z - 5453 = 3*q. Suppose 2267 = 4*g + z. List the prime factors of g.
3, 5
Let t(l) = 998*l - 528. List the prime factors of t(12).
2, 3, 53
Let u = 5125 + 15868. What are the prime factors of u?
7, 2999
Suppose -a - 4*y = 3*a - 4144, 4*y = 3*a - 3122. Let u = -445 + a. What are the prime factors of u?
593
Suppose 0 = -4*r + 2 - 10. Let q(g) = 81*g**2 + 2*g + 6. What are the prime factors of q(r)?
2, 163
What are the prime factors of -15668*(-4)/16 - (7 + -6 + 7)?
3, 1303
Let o = 6194 - -10021. What are the prime factors of o?
3, 5, 23, 47
Let d(h) = 628*h**2 - 475*h + 3316. What are the prime factors of d(7)?
30763
Let w = 31 + -58. Let u be (-2)/(-6) - (-1008)/w. Let j = u + 43. List the prime factors of j.
2, 3
Let h(t) = -13*t**2 + 2017*t + 7. What are the prime factors of h(21)?
7, 5233
Let l(p) = -2*p + 2. Let x be l(0). Let d(w) = 45 - w**x + 15 + w**2 + w**2. List the prime factors of d(0).
2, 3, 5
Suppose 14*u - 21393 = 11*u + 3*t, 2*u = 5*t + 14256. What are the prime factors of u?
7, 1019
Let y be -38 - -2*(-3)/6. Suppose 0 = -2*x + 2 - 16. Let d = x - y. List the prime factors of d.
2
Suppose -5*v - 38 = -0*v + 4*o, -4*v + 3*o = 49. Let c(q) = -8*q - 14. Let m(s) = 7*s + 14. Let b(l) = -4*c(l) - 5*m(l). List the prime factors of b(v).
2
Let p(o) = 10*o**2 + 19*o + 55. Suppose 10*l - 36 = 16*l. What are the prime factors of p(l)?
7, 43
List the prime factors of (-15658434)/(-606) + -13*1.
2, 37, 349
Let h(p) = 0*p - 16 - 4*p - 2*p. Suppose 4*u = 8, -34*o = -30*o + u + 26. List the prime factors of h(o).
2, 13
Let q(s) = -s**3 - 7*s**2 - 6*s - 9. Let d be q(-6). Let i(b) = -27*b + 86. Let f be i(0). Let a = f + d. List the prime factors of a.
7, 11
Let w(t) = -t**3 - 34*t**2 + t + 35. Let n be w(-34). Let c be 19*(-1 - (0 + -2)). What are the prime factors of (n + 0)/(c/3439)?
181
Suppose 7381741 = 185*r + 1843211. List the prime factors of r.
2, 14969
Let r(h) = -3*h**2 + 44*h - 22. Let a be r(18). Let f = 259 + a. What are the prime factors of f?
3, 19
Suppose 0 = -27*w - 5349 - 996. Let d = 252 + w. List the prime factors of d.
17
What are the prime factors of (1994*23)/(57/((-1596)/(-56)))?
23, 997
Let k = 53798 - 31847. What are the prime factors of k?
3, 271
Suppose -2*s - 632 = -r, 0 = -4*r + 5*s - 0*s + 2534. List the prime factors of -3*(0 + 1) + r.
3, 211
Let r(w) = -w**3 + 44*w**2 - 50*w - 317. What are the prime factors of r(42)?
11, 101
Let w(r) be the second derivative of 80*r**3/3 + 91*r**2/2 + 23*r + 3. List the prime factors of w(6).
1051
Let d = 187 + -185. Let g(x) = 22*x**3 - 2*x**2 - x + 2. List the prime factors of g(d).
2, 3, 7
Let x be (-1)/((-3)/(-12)) - (2 - 18431). Suppose -24*s = 137 - x. List the prime factors of s.
2, 3, 127
Let c(v) = 264*v**2 - 17*v + 14. What are the prime factors of c(9)?
5, 7, 607
Let p(n) = -9*n - 52. Let t(a) = a**3 + a**2 - 5*a + 1. Let x be t(2). Suppose 4*z - z = -x*f - 72, 3*f - 3*z + 66 = 0. List the prime factors of p(f).
5, 31
Suppose -5*m + 43 + 177 = 5*h, -3*h - m + 136 = 0. Let z = 45 - h. List the prime factors of (z - 129/(-5)) + 3/15.
5
Let h = -894 + 946. Let c be (2/(-4))/((-1)/134). Let i = c - h. List the prime factors of i.
3, 5
Suppose 19*q = -8*q + 383049. List the prime factors of q.
3, 4729
Suppose -19*i = -0*i - i - 658800. What are the prime factors of i?
2, 3, 5, 61
Suppose 3*v = -4*k + 41, 40 = 4*k - 0*k + 4*v. Suppose 0*m + 4 = 4*m, -3*m = -2*r + k. What are the prime factors of r/((-1